1315 and 45?
45
What is the highest common factor of 51 and 42568?
17
What is the highest common divisor of 630981 and 117?
117
Calculate the greatest common factor of 12 and 12740.
4
Calculate the highest common factor of 340 and 29665.
85
Calculate the highest common divisor of 54670 and 9625.
385
What is the highest common factor of 24 and 4952?
8
Calculate the greatest common divisor of 64804 and 1207.
17
Calculate the greatest common factor of 142 and 6307214.
142
Calculate the highest common factor of 16892045 and 95.
95
What is the highest common divisor of 376 and 13696?
8
What is the greatest common factor of 368 and 5224?
8
Calculate the greatest common factor of 3390 and 645.
15
What is the greatest common divisor of 1130 and 3590?
10
What is the greatest common divisor of 49588 and 69?
23
Calculate the highest common divisor of 38862 and 9622.
34
Calculate the highest common factor of 12 and 293568.
12
Calculate the greatest common factor of 1690 and 4790.
10
Calculate the highest common factor of 6 and 261714.
6
What is the greatest common divisor of 42 and 59262?
42
Calculate the greatest common factor of 68 and 11721296.
68
Calculate the greatest common divisor of 3603 and 639.
3
What is the highest common divisor of 141 and 229548?
141
What is the highest common divisor of 1428 and 36652?
476
What is the greatest common factor of 995 and 26268?
199
What is the highest common divisor of 36260 and 1780?
20
Calculate the highest common divisor of 28 and 12131.
7
What is the greatest common divisor of 9475 and 100?
25
Calculate the highest common divisor of 258 and 234.
6
What is the highest common factor of 14688 and 8721?
459
Calculate the greatest common factor of 6533 and 611.
47
What is the highest common divisor of 5687 and 176?
11
Calculate the highest common divisor of 16 and 145192.
8
What is the greatest common divisor of 431772 and 792?
132
What is the greatest common factor of 20 and 590650?
10
Calculate the greatest common divisor of 176 and 89078.
22
Calculate the highest common divisor of 4864 and 9472.
256
Calculate the highest common divisor of 364 and 541268.
364
What is the highest common divisor of 10075 and 45539?
403
Calculate the greatest common factor of 148410 and 1989.
153
What is the greatest common factor of 8 and 338344?
8
What is the greatest common factor of 19737 and 54?
27
What is the highest common factor of 102 and 637364?
34
What is the highest common factor of 351 and 12909?
39
Calculate the highest common divisor of 6192 and 946.
86
What is the highest common divisor of 795447 and 221?
17
What is the greatest common factor of 65792 and 256?
256
What is the greatest common factor of 3006 and 3474?
18
What is the greatest common factor of 13882 and 22?
22
What is the greatest common divisor of 25992 and 7524?
684
What is the greatest common factor of 432180 and 245?
245
Calculate the greatest common divisor of 4598 and 17138.
418
What is the greatest common divisor of 1408 and 35640?
88
Calculate the highest common factor of 2150 and 82.
2
What is the greatest common factor of 91149 and 46?
23
Calculate the greatest common factor of 40377 and 1333.
43
Calculate the greatest common divisor of 4837 and 322.
7
What is the highest common divisor of 880 and 292?
4
What is the greatest common divisor of 994245 and 15?
15
Calculate the highest common factor of 7056 and 10.
2
Calculate the greatest common divisor of 25042 and 418.
38
Calculate the highest common factor of 101 and 484699.
101
What is the highest common factor of 17874 and 1?
1
What is the highest common divisor of 3531 and 59385?
321
Calculate the greatest common divisor of 329886 and 1476.
738
What is the highest common divisor of 363 and 59719?
11
Calculate the highest common factor of 107 and 218173.
107
What is the greatest common divisor of 540 and 132282?
18
Calculate the highest common divisor of 1570 and 628.
314
What is the greatest common divisor of 2625 and 56490?
105
What is the highest common factor of 244 and 50203?
61
Calculate the highest common factor of 943464 and 1368.
456
Calculate the greatest common divisor of 6630 and 67575.
255
What is the highest common divisor of 483 and 17899?
7
Calculate the highest common divisor of 44286 and 732.
366
What is the highest common factor of 125330 and 5?
5
Calculate the greatest common factor of 616 and 27461.
7
What is the highest common factor of 1044 and 44748?
36
What is the greatest common factor of 296496 and 9088?
1136
What is the greatest common factor of 434 and 93?
31
Calculate the highest common factor of 12 and 21450.
6
Calculate the greatest common factor of 458 and 64.
2
What is the highest common divisor of 27 and 1076517?
27
Calculate the highest common factor of 1190531 and 1099.
157
Calculate the highest common factor of 2174953 and 44.
11
What is the greatest common divisor of 2920 and 148336?
584
Calculate the greatest common factor of 1456 and 21616.
112
What is the highest common divisor of 41020 and 945?
35
Calculate the greatest common factor of 2184 and 3549.
273
What is the highest common factor of 289 and 13056?
17
What is the highest common factor of 930 and 234918?
186
Calculate the greatest common factor of 781737 and 165.
33
Calculate the highest common divisor of 128374 and 17.
1
Calculate the greatest common factor of 25930 and 550.
10
Calculate the highest common factor of 27489 and 363.
33
Calculate the greatest common divisor of 455721 and 245.
7
What is the greatest common factor of 2409 and 1254?
33
What is the highest common divisor of 510 and 27000?
30
What is the highest common divisor of 2139 and 3?
3
What is the highest common factor of 9033185 and 854?
427
Calculate the greatest common divisor of 21091 and 4669.
161
What is the highest common divisor of 19 and 114247?
19
What is the greatest common divisor of 93392 and 208?
208
What is the greatest common factor of 29892 and 3478?
94
Calculate the greatest common factor of 14151 and 3738.
267
Calculate the highest common factor of 402 and 204618.
402
What is the greatest common divisor of 181 and 33485?
181
Calculate the highest common factor of 217554 and 7474.
202
What is the highest common divisor of 43854 and 15?
3
What is the highest common divisor of 7482 and 870?
174
What is the greatest common factor of 25 and 4735?
5
What is the greatest common factor of 16518 and 6?
6
What is the greatest common divisor of 13667 and 5536?
173
What is the greatest common factor of 21316 and 730?
146
Calculate the greatest common factor of 120 and 71660.
20
What is the highest common divisor of 61177 and 31309?
131
Calculate the greatest common factor of 759 and 99.
33
What is the greatest common divisor of 3436 and 400?
4
Calculate the highest common divisor of 434355 and 1725.
345
Calculate the highest common factor of 7280 and 7210.
70
Calculate the highest common divisor of 188040 and 60.
60
What is the greatest common divisor of 1332 and 21164?
148
What is the highest common factor of 129 and 618555?
129
What is the greatest common factor of 170 and 10565?
5
What is the greatest common factor of 594 and 450?
18
Calculate the highest common divisor of 3642 and 18.
6
Calculate the greatest common factor of 48439 and 4.
1
What is the greatest common divisor of 65 and 874107?
13
What is the highest common factor of 76 and 11026460?
76
What is the greatest common factor of 671 and 3685?
11
Calculate the highest common divisor of 1326809 and 11.
11
What is the highest common divisor of 418 and 26410?
38
What is the highest common factor of 152198 and 4?
2
What is the highest common divisor of 5201 and 224?
7
Calculate the highest common factor of 399 and 48108.
57
What is the greatest common divisor of 30 and 41448?
6
Calculate the greatest common factor of 1435 and 8190.
35
Calculate the highest common factor of 448 and 31976.
56
Calculate the highest common divisor of 115 and 287592.
23
Calculate the highest common factor of 28750 and 5175.
575
What is the highest common factor of 13864 and 1376?
8
Calculate the highest common factor of 15720 and 600.
120
Calculate the highest common factor of 1690235 and 303.
101
What is the highest common factor of 128625 and 357?
21
What is the highest 